?
7
What is the units digit of 174965?
5
What is the tens digit of 74475?
7
What is the units digit of 702499?
9
What is the ten thousands digit of 273294?
7
What is the thousands digit of 14154682?
4
What is the units digit of 2701754?
4
What is the units digit of 9882663?
3
What is the thousands digit of 1695193?
5
What is the hundred thousands digit of 993868?
9
What is the ten thousands digit of 1493211?
9
What is the hundreds digit of 82148?
1
What is the tens digit of 26752?
5
What is the tens digit of 3549828?
2
What is the thousands digit of 403964?
3
What is the units digit of 1298697?
7
What is the thousands digit of 6552313?
2
What is the units digit of 99517?
7
What is the tens digit of 302476?
7
What is the thousands digit of 10211389?
1
What is the ten millions digit of 25570213?
2
What is the tens digit of 606384?
8
What is the tens digit of 2896807?
0
What is the hundreds digit of 3788856?
8
What is the tens digit of 297248?
4
What is the hundred thousands digit of 110281?
1
What is the hundred thousands digit of 4269554?
2
What is the ten thousands digit of 558901?
5
What is the hundred thousands digit of 2008384?
0
What is the hundreds digit of 121718?
7
What is the hundreds digit of 15152490?
4
What is the ten millions digit of 18146033?
1
What is the hundred thousands digit of 1259134?
2
What is the hundreds digit of 168642?
6
What is the millions digit of 2797692?
2
What is the hundred thousands digit of 11230428?
2
What is the tens digit of 4564544?
4
What is the millions digit of 3645762?
3
What is the hundreds digit of 167723?
7
What is the ten thousands digit of 34447?
3
What is the ten millions digit of 10869704?
1
What is the ten thousands digit of 359103?
5
What is the ten thousands digit of 2482763?
8
What is the tens digit of 4269413?
1
What is the ten thousands digit of 2657800?
5
What is the ten thousands digit of 1022917?
2
What is the tens digit of 5145986?
8
What is the hundreds digit of 563817?
8
What is the tens digit of 581623?
2
What is the hundred thousands digit of 196527?
1
What is the hundreds digit of 2308933?
9
What is the ten thousands digit of 96736?
9
What is the tens digit of 2822530?
3
What is the units digit of 228437?
7
What is the ten thousands digit of 17973753?
7
What is the hundreds digit of 551986?
9
What is the hundreds digit of 6203917?
9
What is the ten thousands digit of 13034656?
3
What is the hundreds digit of 20529691?
6
What is the tens digit of 172521?
2
What is the ten thousands digit of 7486945?
8
What is the tens digit of 7342528?
2
What is the hundred thousands digit of 6909986?
9
What is the millions digit of 3161755?
3
What is the tens digit of 820532?
3
What is the thousands digit of 3039614?
9
What is the millions digit of 4027822?
4
What is the tens digit of 4931344?
4
What is the hundred thousands digit of 417215?
4
What is the units digit of 418122?
2
What is the ten thousands digit of 25239211?
3
What is the ten thousands digit of 445379?
4
What is the hundreds digit of 2998470?
4
What is the ten thousands digit of 137404?
3
What is the tens digit of 1314?
1
What is the ten thousands digit of 157350?
5
What is the tens digit of 5104970?
7
What is the ten thousands digit of 506207?
0
What is the tens digit of 281006?
0
What is the units digit of 8636072?
2
What is the units digit of 3540917?
7
What is the ten thousands digit of 12222606?
2
What is the hundred thousands digit of 1450367?
4
What is the ten thousands digit of 355232?
5
What is the thousands digit of 5454895?
4
What is the hundreds digit of 7777504?
5
What is the hundreds digit of 5538857?
8
What is the hundred thousands digit of 284850?
2
What is the units digit of 1433104?
4
What is the ten thousands digit of 3296734?
9
What is the hundreds digit of 470001?
0
What is the units digit of 5701133?
3
What is the units digit of 3311771?
1
What is the hundreds digit of 63499?
4
What is the units digit of 1403747?
7
What is the units digit of 2952333?
3
What is the units digit of 18222069?
9
What is the ten thousands digit of 3617979?
1
What is the thousands digit of 387248?
7
What is the hundreds digit of 434815?
8
What is the units digit of 11822458?
8
What is the units digit of 1046245?
5
What is the tens digit of 541655?
5
What is the thousands digit of 117133?
7
What is the tens digit of 21218?
1
What is the hundreds digit of 30213044?
0
What is the ten thousands digit of 4174446?
7
What is the ten thousands digit of 81012?
8
What is the ten thousands digit of 1431226?
3
What is the thousands digit of 118655?
8
What is the units digit of 2670986?
6
What is the millions digit of 4734900?
4
What is the thousands digit of 2142541?
2
What is the millions digit of 1519781?
1
What is the hundreds digit of 596463?
4
What is the tens digit of 5908958?
5
What is the hundred thousands digit of 512625?
5
What is the units digit of 6760708?
8
What is the thousands digit of 11674284?
4
What is the hundred thousands digit of 229717?
2
What is the hundreds digit of 3945786?
7
What is the ten thousands digit of 4882396?
8
What is the thousands digit of 26286503?
6
What is the units digit of 193297?
7
What is the tens digit of 1123281?
8
What is the ten thousands digit of 1754944?
5
What is the millions digit of 1859196?
1
What is the units digit of 146474?
4
What is the hundreds digit of 247509?
5
What is the thousands digit of 482688?
2
What is the hundreds digit of 7288139?
1
What is the hundred thousands digit of 2347158?
3
What is the ten thousands digit of 21749995?
4
What is the thousands digit of 646846?
6
What is the units digit of 144520?
0
What is the ten thousands digit of 577300?
7
What is the ten thousands digit of 13076857?
7
What is the hundred thousands digit of 20100475?
1
What is the ten thousands digit of 1386551?
8
What is the ten thousands digit of 313173?
1
What is the tens digit of 1439235?
3
What is the thousands digit of 35679?
5
What is the hundreds digit of 16217615?
6
What is the units digit of 373017?
7
What is the units digit of 220228?
8
What is the millions digit of 5470238?
5
What is the hundreds digit of 35118?
1
What is the units digit of 833987?
7
What is the millions digit of 6919650?
6
What is the ten thousands digit of 625574?
2
What is the units digit of 16624052?
2
What is the units digit of 6182809?
9
What is the ten thousands digit of 906286?
0
What is the tens digit of 64831?
3
What is the ten millions digit of 15813537?
1
What is the tens digit of 3275598?
9
What is the millions digit of 5000011?
5
What is the units digit of 894994?
4
What is the millions digit of 1374282?
1
What is the ten millions digit of 15203249?
1
What is the thousands digit of 10361481?
1
What is the hundred thousands digit of 289179?
2
What is the units digit of 899?
9
What is the hundreds digit of 830346?
3
What is the millions digit of 10199327?
0
What is the thousands digit of 5812938?
2
What is the units digit of 14515451?
1
What is the ten millions digit of 21327313?
2
What is the hundreds digit of 23122?
1
What is the tens digit of 9073214?
1
What is the ten thousands digit of 262161?
6
What is the hundreds digit of 290286?
2
What is the millions digit of 4030470?
4
What is the tens digit of 60073?
7
What is the units digit of 58649?
9
What is the ten thousands digit of 364310?
6
What is the units digit of 333653?
3
What is the tens digit of 16020497?
9
What is the ten thousands digit of 441486?
4
What is the hundred thousands digit of 5218605?
2
What is the ten thousands digit of 5617263?
1
What is the ten millions digit of 16221967?
1
What is the ten thousands digit of 45446?
4
What is the hundred thousands digit of 128922?
1
What is the tens digit of 58840?
4
What is the ten millions digit of 10406002?
1
What is the hundred thousands digit of 248574?
2
What is the units digit of 1322948?
8
What is the tens digit of 2988578?
7
What is the hundreds digit of 18252188?
1
What is the hundreds digit of 1742567?
5
What is the millions digit of 3164254?
3
What is the millions digit of 7500965?
7
What is the tens digit of 287191?
9
What is the tens digit of 15265716?
1
What is the units digit of 5704032?
2
What is the hundred thousands digit of 723075?
7
What is the units digit of 671279?
9
What i